alue of (-12 - -10) + (2 + -1 - -15)?
14
-3 + (-16 - 15) - -38
4
Evaluate (-9 - 2 - -12) + -2.
-1
What is -1 + 14 + 60 + -69?
4
Calculate (-5 - (-2 + -4)) + 3.
4
Evaluate -21 + (27 - (50 + -27)).
-17
What is the value of -1 - ((-5 + 10 - 5) + -7) - 4?
2
Calculate -3 + (22 - (-13 + 15)) + -6.
11
What is the value of (-17 + 8 - -12) + -7 - -7?
3
Calculate -13 + 22 + -21 - 5.
-17
Evaluate (16 - 16) + 7 + -1 + 0.
6
Evaluate 1 + 11 + -18 + -2 + 18.
10
What is (96 - 84) + -2 + (0 - 4) - 3?
3
What is the value of 29 - (-20 + 31 + 16)?
2
What is -16 - -31 - -4 - 6?
13
What is the value of -5 - ((-23 - -7) + 9)?
2
What is the value of (2 - -18) + (-104 - -96)?
12
What is the value of (-9 - -12) + 12 - 13?
2
9 - (2 + -19 - (-4 - (-4 + 12)))
14
-10 + 11 + -4 - -3
0
What is -2 + (-1 - 3) - (11 - 12 - -7)?
-12
What is the value of (59 - 65) + (-1 - -1) - -14?
8
1 + -7 + (-1 - (-16 - (-10 - -1)))
0
What is the value of 18 + -8 - 7 - (8 - 1 - 0)?
-4
What is (0 - -26) + (98 - 104)?
20
Evaluate 3 + 0 - (-3 - 0) - (8 - 9).
7
What is the value of -20 + (0 - 8 - (13 + -10) - -2)?
-29
Evaluate (-5 - (-5 + 5) - 1) + 1 + 4.
-1
What is the value of 14 + 28 + (27 - 96)?
-27
What is the value of (-21 - -13) + 2 - -15?
9
What is the value of 12 + -18 + (8 - 21)?
-19
Calculate (2 - (-10 - -4 - -3)) + -8 - -2.
-1
Evaluate 6 + -1 - (-4 - (-10 + 4 + -7)).
-4
8 + (-7 - -3 - (-1 - -6))
-1
Evaluate (2 - -1 - -3) + 5 + -3 + -3.
5
-11 + 3 + 6 - -2 - (-6 + 13)
-7
What is the value of 10 + -27 + 3 + 4 + 3?
-7
What is (2 + -5 - -24) + (1 - (-14 + 14))?
22
What is the value of 1 + 3 - (9 - 7 - (10 + -1))?
11
What is the value of -17 + 9 + 8 - (7 - (5 + -3))?
-5
Evaluate -2 + (7 - -1) + (-8 - -7).
5
What is -9 + (6 - (-17 + (3 - -5)))?
6
What is -72 + 49 + (9 - -4) + -1?
-11
What is the value of 3 + -14 + 7 + 15?
11
Calculate -4 + -9 - -20 - 4.
3
Evaluate -8 - -21 - 17 - (3 - -7).
-14
What is the value of (5 - -5) + -6 - (-5 + 0)?
9
What is 2 - 11 - 8 - -4?
-13
-31 - (-19 + -19 + 31)
-24
What is (-61 - -44) + (-5 - -2) + 3 + 9?
-8
Calculate 2 - -1 - (25 + -27).
5
What is the value of -10 + 14 + -29 + 0?
-25
What is the value of 1 + 40 - (-62 - -65) - 12?
26
What is the value of 2 - -9 - (20 - -3 - 29)?
17
Calculate 12 + -21 + (11 - 7) + 3 - -25.
23
(-1 - -1) + -2 + -5
-7
18 + -18 + (-21 - -3)
-18
Evaluate 16 - -27 - 3 - 26.
14
What is (23 + -7 - 13 - 5) + 13?
11
Calculate -11 + -7 + 9 + 18.
9
Evaluate (22 - 36 - -25) + (-4 - 28).
-21
Evaluate -13 + -1 + -4 + (10 - (5 + -5)).
-8
What is the value of (0 - -39) + 1482 + -1554?
-33
What is 19 + (-15 - -34) + -38?
0
Calculate -10 - -7 - -11 - 11.
-3
2 + -15 - ((17 - 28) + (-4 - -9))
-7
Calculate (5 - 12) + (88 - 99).
-18
What is the value of 1 + -15 - (-94 - (-82 - -9))?
7
Evaluate (12 - (-9 - -21)) + -2 + (-2 - -7).
3
What is 4 + (-18 - -9) + 8 + (0 - 6)?
-3
-5 - (-6 - (7 + 4))
12
What is 1 + 6 + (-9 - -11) + -36?
-27
What is (3 + 0 - (-118 - -123)) + 8?
6
Calculate (-12 + -14 + 21 - -2) + 5.
2
(3 - (14 + -10)) + -9
-10
14 + -22 - (-10 - -1) - (-11 - -3)
9
What is 3 + 0 - 0 - (-38 - -42) - -11?
10
Evaluate 3 + 2 + 82 + -103.
-16
Calculate (63 - 78) + 44 + -16.
13
What is -4 + 5 + 1 + -10 - -2 - 0?
-6
Evaluate -7 + -4 - (8 + -19).
0
What is 9 - (2 - (2 - (13 + -4)))?
0
Evaluate (-13 + 25 - 15) + (-20 - (-4 - 1)).
-18
Calculate -23 + (65 - 17) + -48.
-23
What is the value of 0 + (-15 - (23 - 15))?
-23
What is the value of 2 + (1 + -4 - -1) + -6?
-6
What is 0 + -1 + (1 + 71 - 38)?
33
What is the value of (-25 - (3 - 10)) + 12 - 10?
-16
28 + (8 + -5 + -8 + -5 - -8)
26
What is the value of -5 - ((-5 - (-11 + 0 + 5)) + 6)?
-12
0 + -5 + 0 - (-11 + -7 + 7)
6
Evaluate 115 + -104 + -1 + 1 + -9.
2
What is the value of -3 + (-3 - (-9 - 2)) + -2?
3
Evaluate -16 + 7 + -5 + 10 + 6.
2
What is (-9 - -4) + (8 - -7 - 14)?
-4
What is (15 - (0 + 7)) + (-10 - -35)?
33
Calculate 19 + 18 + -77 + 20 - 4.
-24
What is the value of 8 + 0 + 4 + (-24 - -5)?
-7
-1016 - -1022 - (1 - (1 - 7))
-1
(-27 - -39 - 12) + 28
28
-12 + 38 + -31 - -6
1
7 - (22 - (28 + -19))
-6
What is the value of 21 - (3 + 9 + -8 + -4 + 6)?
15
What is the value of 9 + (-3 - 2) + -9 - -3 - -12?
10
What is the value of 20 + (7 - ((6 - 12) + 13)) + -7?
13
Evaluate (-1 - (-9 - (-1 + -2))) + 8.
13
54 + (-1 - 22) + -56
-25
0 - (6 - (3 - (-11 - -1))) - 3
4
Calculate (10 - 8) + (2 - -5) + 1 + -3.
7
What is -14 - (-24 - (-11 - -16))?
15
Evaluate -27 - (1 - (10 + (-8 - (0 - 4)))).
-22
What is the value of (-1 - (-8 - -8)) + 10?
9
What is the value of 1 + -4 + -2 + 7 + -4 - 13?
-15
0 + (-2 - (-1 + 0)) + (-270 - -264)
-7
What is the value of -11 + 0 - (131 - 144)?
2
Evaluate -117 + 117 + (-5 - -2) + 13.
10
What is 12 + ((-1 - -9) + -8 - 33)?
-21
Evaluate -2 + 9 - (353 + -369).
23
Calculate -5 - 3 - (-2 - (4 + 1 - -3)).
2
What is (125 - 119 - (1 + 17)) + 10?
-2
What is the value of -2 - -4 - (45 + -35)?
-8
(-2 - 0) + -1 - (149 + -159)
7
What is the value of 14 + -23 + 3 - 0?
-6
What is 21 + -34 - (-4 + 1 - -13)?
-23
What is 6 + -3 + -2 - -10?
11
What is (-23 - (-22 + 9)) + -4?
-14
Evaluate 17 + (26 + 4 + -19 - -3).
31
Evaluate -371 - -368 - (-22 + -2).
21
-13 + 0 + (-4 - -8)
-9
What is -5 + (14 - -4) - 4?
9
Calculate 12 + (-15 - -27) + -14.
10
Evaluate -85 - -79 - (-1 - -5) - (4 + 0).
-14
Calculate 1 - (-4 - (0 + 1 - 6)) - -1.
1
What is 1 + 8 + (-15 - -8 - -7)?
9
2 - (-18 - -2) - (-4 - -5)
17
Calculate 18 - (-2 - -12 - (-17 + 1)).
-8
-6 + (17 - 6) + -5 + -2 + 5
3
What is the value of 27 - 1 - (197 - 169)?
-2
20 + -17 + -12 + 32 - (-1 + 3)
21
Calculate 23 - (13 + -12 + 12).
10
Evaluate -4 + -4 + -2 + (-142 - -137).
-15
Calculate (22 + -18 - (-5 - (-7 - -7))) + -20.
-11
What is 2 + (-65 + 58 - (-33 - -2))?
26
Evaluate 6 + -28 + 17 + (-3 - -2 - -10).
4
What is the value of 5 + -4 + 7 - (11 - 9 - 4)?
10
Calculate 15 - (22 + -10 - 2).
5
What is -2 - ((-13 - -15) + 2)?
-6
26 + -25 + -4 - (4 + 2 - -1)
-10
-2 + 8 - (7 + 2 - 5)
2
What is the value of -3 + (10 - ((-14 - -7) + 6))?
8
Evaluate -18 + -5 - -30 - (4 + 11).
-8
-3 + (18 - 18) + (12 - -1)
10
Evaluate (25 + -30 - -30) + -8.
17
What is (-2 - 16) + -12 + (3 - -19)?
-8
6 - (-4 - 15) - (21 - (28 + -12))
20
Calculate (1 + -2 - (86 - 86)) + -9 + -1.
-11
Calculate (-64 - -64) + -9 + 5 + 29 + 0.
25
What is the value of 17 + -14 + -30 + 23?
-4
Calculate -12 - ((11 - 10 - 4) + (1 - 0)).
-10
What is the value of -6 + 27 + 17 + -36?
2
(11 - (23 + -18)) + -1
5
Calculate 15 + (37 + -6 - 20).
26
Evaluate (19 - 4) + (23 - 36).
2
Evaluate -5 + 17 + 0 + (-11 - -1).
2
(0 - (7 - (14 + -5))) + 8
10
-40 + (17 + 0 - -5)
-18
4 - -11 - 7 - (6 - 6)
8
Calculate 3 + -14 + -1 - 2.
-14
What is the value of -1 - -22 - (-78 + 103)?
-4
Evaluate (-4 - (4 + -6)) + (3 - (18 - 10)).
-7
What is 7 + -4 - ((-7 - -7) + 0)?
3
What is the value of -8 - (-5 + (1 + -5 - -10))?
-9
What is the value of -115 + 107 + -3 + -6?
-17
-10 + (4 - 0 - 6) - (2 + -4)
-10
-8 + 2 + (-4 - -12)
2
Evaluate 5 + (10 - (14 + 5 + -8)).
4
Calculate -1 - (-3 - (1 + -7)).
-4
What is the value of 8 + (18 - 12 - (-3 + -3))?
20
What is the value of -8 + -5 + 3 + (5 - 2) - 2?
-9
-9 + (13 + -7 - 3) + -6
-12
20 + (-12 - 3) + 2 + (5 - 1)
11
Evaluate 0 - -4 - (-11 - (2 - 14)).
3
(-37 - -50) + (-6 - (-2 - -5))
4
What is 5 - -4 - 4 - (480 + -440)?
-35
What is -23 + 2 - (-75 - -58)?
-4
What is the value of 1 - -6 - (-3 + -3 + -4 + 4)?
13
(-1 - 1) + -1 - (7 - 37) - 4
23
What is -9 - (-8 + -3) - (0 - 5)?
7
What is the value of 26 + 2 + (115 - 129)?
14
-6 + (3 + 1 - (-7 - -6 - -15))
-16
Calculate 5 - -8 - (10 - 0).
3
What is (11 - (2 + -2)) + 97 + -86?
22
What is -2 - -1 - (-1117 - -1131)?
-15
What is the value of -1 - -15 - (-49 - -64)?
-1
What is the value of 70 - 68 - (-1 - -3 - 7)?
7
Calculate (1 - -16) + 178 + -198.
-3
Calculate -6 + (3 - 5) + 9 + (-7 - -2).
-4
Calculate 1 + 5 + (1 - 21) + 6.
-8
Calculate -5 - (-9 - 3) - -2 - -2.
11
Evaluate -8 - (-72 + 72 + 1 + -9).
0
Calculate (-9 - -11 - 0 - -4) + (0 - -1).
7
Evaluate 1 - (2 + 16) - -4 - (9 - 1).
-21
What is the value of 10 - 19 - (-5 + -4)?
0
What is the value of 0 + (6 - (-6 + 17)) - -17?
12
(0 - 23) + (-2 - ((-16 - 2) + 10))
-17
19 - 19 - -20 - 28
-8
-26 + 19 + 0 + -5
-12
Evaluate 16 + -27 + -14 + 13.
-12
What is the value of -12 + (-1 + -4 - (-93 - -89))?
-13
1 + -1 + -25 + 25